{"id":2861,"date":"2024-10-09T15:45:37","date_gmt":"2024-10-09T13:45:37","guid":{"rendered":"https:\/\/jasab.fr\/?page_id=2861"},"modified":"2026-04-13T15:26:24","modified_gmt":"2026-04-13T13:26:24","slug":"bienvenue","status":"publish","type":"page","link":"https:\/\/jasab.fr\/","title":{"rendered":"BIENVENUE"},"content":{"rendered":"\t\t<div data-elementor-type=\"wp-page\" data-elementor-id=\"2861\" class=\"elementor elementor-2861\">\n\t\t\t\t\t\t\t\t\t<section class=\"elementor-section elementor-top-section elementor-element elementor-element-1fd6ea3c elementor-section-boxed elementor-section-height-default elementor-section-height-default\" data-id=\"1fd6ea3c\" data-element_type=\"section\">\n\t\t\t\t\t\t<div class=\"elementor-container elementor-column-gap-default\">\n\t\t\t\t\t<div class=\"elementor-column elementor-col-100 elementor-top-column elementor-element elementor-element-6b632360\" data-id=\"6b632360\" data-element_type=\"column\">\n\t\t\t<div class=\"elementor-widget-wrap elementor-element-populated\">\n\t\t\t\t\t\t\t\t<div class=\"elementor-element elementor-element-1cea39d0 elementor-drop-cap-yes elementor-drop-cap-view-default elementor-widget elementor-widget-text-editor\" data-id=\"1cea39d0\" data-element_type=\"widget\" data-settings=\"{&quot;drop_cap&quot;:&quot;yes&quot;}\" data-widget_type=\"text-editor.default\">\n\t\t\t\t<div class=\"elementor-widget-container\">\n\t\t\t\t\t\t\t<h2 class=\"wp-block-image size-full\" style=\"text-align: center;\"><span style=\"color: #000000;\"><strong>ECOLE\u00a0 &#8211; COLLEGE<\/strong><\/span><br \/><span style=\"color: #000000;\"><strong>LYCEE GENERAL ET TECHNOLOGIQUE<\/strong><\/span><br \/><span style=\"color: #000000;\"><strong>LYCEE PROFESSIONNEL<\/strong><\/span><br \/><span style=\"color: #000000;\"><strong>P\u00d4LE SUPERIEUR<\/strong><\/span><\/h2><p><!-- \/wp:image --><\/p><h1 style=\"text-align: center;\">\u00a0<\/h1>\t\t\t\t\t\t<\/div>\n\t\t\t\t<\/div>\n\t\t\t\t\t<\/div>\n\t\t<\/div>\n\t\t\t\t\t\t\t<\/div>\n\t\t<\/section>\n\t\t\t\t<section class=\"elementor-section elementor-top-section elementor-element elementor-element-b3ec4ce elementor-section-boxed elementor-section-height-default elementor-section-height-default\" data-id=\"b3ec4ce\" data-element_type=\"section\">\n\t\t\t\t\t\t<div class=\"elementor-container elementor-column-gap-default\">\n\t\t\t\t\t<div class=\"elementor-column elementor-col-100 elementor-top-column elementor-element elementor-element-073033d\" data-id=\"073033d\" data-element_type=\"column\">\n\t\t\t<div class=\"elementor-widget-wrap elementor-element-populated\">\n\t\t\t\t\t\t\t\t<div class=\"elementor-element elementor-element-ca8638b elementor-align-center elementor-widget elementor-widget-button\" data-id=\"ca8638b\" data-element_type=\"widget\" data-widget_type=\"button.default\">\n\t\t\t\t<div class=\"elementor-widget-container\">\n\t\t\t\t\t<div class=\"elementor-button-wrapper\">\n\t\t\t<a class=\"elementor-button elementor-button-link elementor-size-lg\" href=\"https:\/\/preinscriptions.ecoledirecte.com\/?RNE=0271187U\">\n\t\t\t\t\t\t<span class=\"elementor-button-content-wrapper\">\n\t\t\t\t\t\t<span class=\"elementor-button-text\">pr\u00e9inscription ECOLE COLLEGE Lyc\u00e9es, cliquez ici<\/span>\n\t\t<\/span>\n\t\t\t\t\t<\/a>\n\t\t<\/div>\n\t\t\t\t<\/div>\n\t\t\t\t<\/div>\n\t\t\t\t\t<\/div>\n\t\t<\/div>\n\t\t\t\t\t\t\t<\/div>\n\t\t<\/section>\n\t\t\t\t<section class=\"elementor-section elementor-top-section elementor-element elementor-element-eb7b1c8 elementor-section-boxed elementor-section-height-default elementor-section-height-default\" data-id=\"eb7b1c8\" data-element_type=\"section\">\n\t\t\t\t\t\t<div class=\"elementor-container elementor-column-gap-default\">\n\t\t\t\t\t<div class=\"elementor-column elementor-col-100 elementor-top-column elementor-element elementor-element-7d7da00\" data-id=\"7d7da00\" data-element_type=\"column\">\n\t\t\t<div class=\"elementor-widget-wrap elementor-element-populated\">\n\t\t\t\t\t\t\t\t<div class=\"elementor-element elementor-element-ddd08ab elementor-button-warning elementor-align-center elementor-widget elementor-widget-button\" data-id=\"ddd08ab\" data-element_type=\"widget\" data-widget_type=\"button.default\">\n\t\t\t\t<div class=\"elementor-widget-container\">\n\t\t\t\t\t<div class=\"elementor-button-wrapper\">\n\t\t\t<a class=\"elementor-button elementor-button-link elementor-size-md\" href=\"https:\/\/portail.mini-stage.fr\/etablissement-saint-anselme\">\n\t\t\t\t\t\t<span class=\"elementor-button-content-wrapper\">\n\t\t\t\t\t\t<span class=\"elementor-button-text\">Un mini-stage d\u00e9couverte au lyc\u00e9e, cliquez ici<\/span>\n\t\t<\/span>\n\t\t\t\t\t<\/a>\n\t\t<\/div>\n\t\t\t\t<\/div>\n\t\t\t\t<\/div>\n\t\t\t\t\t<\/div>\n\t\t<\/div>\n\t\t\t\t\t\t\t<\/div>\n\t\t<\/section>\n\t\t\t\t<section class=\"elementor-section elementor-top-section elementor-element elementor-element-65f5d81 elementor-section-boxed elementor-section-height-default elementor-section-height-default\" data-id=\"65f5d81\" data-element_type=\"section\">\n\t\t\t\t\t\t<div class=\"elementor-container elementor-column-gap-default\">\n\t\t\t\t\t<div class=\"elementor-column elementor-col-20 elementor-top-column elementor-element elementor-element-9f14bc7\" data-id=\"9f14bc7\" data-element_type=\"column\">\n\t\t\t<div class=\"elementor-widget-wrap elementor-element-populated\">\n\t\t\t\t\t\t\t\t<div class=\"elementor-element elementor-element-1a6a302 elementor-widget elementor-widget-heading\" data-id=\"1a6a302\" data-element_type=\"widget\" data-widget_type=\"heading.default\">\n\t\t\t\t<div class=\"elementor-widget-container\">\n\t\t\t<h2 class=\"elementor-heading-title elementor-size-default\">\u00e0 la une de JASA cette semaine<\/h2>\t\t<\/div>\n\t\t\t\t<\/div>\n\t\t\t\t\t<\/div>\n\t\t<\/div>\n\t\t\t\t<div class=\"elementor-column elementor-col-20 elementor-top-column elementor-element elementor-element-a1dcd6e\" data-id=\"a1dcd6e\" data-element_type=\"column\">\n\t\t\t<div class=\"elementor-widget-wrap elementor-element-populated\">\n\t\t\t\t\t\t\t\t<div class=\"elementor-element elementor-element-834ee25 elementor-widget elementor-widget-image\" data-id=\"834ee25\" data-element_type=\"widget\" data-widget_type=\"image.default\">\n\t\t\t\t<div class=\"elementor-widget-container\">\n\t\t\t\t\t\t\t\t\t\t\t\t<figure class=\"wp-caption\">\n\t\t\t\t\t\t\t\t\t\t<img loading=\"lazy\" decoding=\"async\" width=\"1024\" height=\"1024\" src=\"https:\/\/jasab.fr\/wp-content\/uploads\/2026\/03\/mat-1024x1024.jpg\" class=\"attachment-large size-large wp-image-4312\" alt=\"\" srcset=\"https:\/\/jasab.fr\/wp-content\/uploads\/2026\/03\/mat-1024x1024.jpg 1024w, https:\/\/jasab.fr\/wp-content\/uploads\/2026\/03\/mat-300x300.jpg 300w, https:\/\/jasab.fr\/wp-content\/uploads\/2026\/03\/mat-150x150.jpg 150w, https:\/\/jasab.fr\/wp-content\/uploads\/2026\/03\/mat-768x768.jpg 768w, https:\/\/jasab.fr\/wp-content\/uploads\/2026\/03\/mat.jpg 1440w\" sizes=\"auto, (max-width: 1024px) 100vw, 1024px\" \/>\t\t\t\t\t\t\t\t\t\t\t<figcaption class=\"widget-image-caption wp-caption-text\">sortie scolaire des maternelles<\/figcaption>\n\t\t\t\t\t\t\t\t\t\t<\/figure>\n\t\t\t\t\t\t\t\t\t<\/div>\n\t\t\t\t<\/div>\n\t\t\t\t\t<\/div>\n\t\t<\/div>\n\t\t\t\t<div class=\"elementor-column elementor-col-20 elementor-top-column elementor-element elementor-element-3abdec0\" data-id=\"3abdec0\" data-element_type=\"column\">\n\t\t\t<div class=\"elementor-widget-wrap elementor-element-populated\">\n\t\t\t\t\t\t\t\t<div class=\"elementor-element elementor-element-8c52796 elementor-widget elementor-widget-image\" data-id=\"8c52796\" data-element_type=\"widget\" data-widget_type=\"image.default\">\n\t\t\t\t<div class=\"elementor-widget-container\">\n\t\t\t\t\t\t\t\t\t\t\t\t<figure class=\"wp-caption\">\n\t\t\t\t\t\t\t\t\t\t<img loading=\"lazy\" decoding=\"async\" width=\"1024\" height=\"768\" src=\"https:\/\/jasab.fr\/wp-content\/uploads\/2026\/04\/IMG-20260411-WA0005-1024x768.jpg\" class=\"attachment-large size-large wp-image-4328\" alt=\"\" srcset=\"https:\/\/jasab.fr\/wp-content\/uploads\/2026\/04\/IMG-20260411-WA0005-1024x768.jpg 1024w, https:\/\/jasab.fr\/wp-content\/uploads\/2026\/04\/IMG-20260411-WA0005-300x225.jpg 300w, https:\/\/jasab.fr\/wp-content\/uploads\/2026\/04\/IMG-20260411-WA0005-768x576.jpg 768w, https:\/\/jasab.fr\/wp-content\/uploads\/2026\/04\/IMG-20260411-WA0005-1536x1152.jpg 1536w, https:\/\/jasab.fr\/wp-content\/uploads\/2026\/04\/IMG-20260411-WA0005.jpg 1600w\" sizes=\"auto, (max-width: 1024px) 100vw, 1024px\" \/>\t\t\t\t\t\t\t\t\t\t\t<figcaption class=\"widget-image-caption wp-caption-text\">Bal du Lyc\u00e9e 2026 dans les locaux du France<\/figcaption>\n\t\t\t\t\t\t\t\t\t\t<\/figure>\n\t\t\t\t\t\t\t\t\t<\/div>\n\t\t\t\t<\/div>\n\t\t\t\t\t<\/div>\n\t\t<\/div>\n\t\t\t\t<div class=\"elementor-column elementor-col-20 elementor-top-column elementor-element elementor-element-1cd3851\" data-id=\"1cd3851\" data-element_type=\"column\">\n\t\t\t<div class=\"elementor-widget-wrap elementor-element-populated\">\n\t\t\t\t\t\t\t\t<div class=\"elementor-element elementor-element-6ecaf8f elementor-widget elementor-widget-image\" data-id=\"6ecaf8f\" data-element_type=\"widget\" data-widget_type=\"image.default\">\n\t\t\t\t<div class=\"elementor-widget-container\">\n\t\t\t\t\t\t\t\t\t\t\t\t<figure class=\"wp-caption\">\n\t\t\t\t\t\t\t\t\t\t<img loading=\"lazy\" decoding=\"async\" width=\"1024\" height=\"768\" src=\"https:\/\/jasab.fr\/wp-content\/uploads\/2026\/04\/4eme-1024x768.jpg\" class=\"attachment-large size-large wp-image-4331\" alt=\"\" srcset=\"https:\/\/jasab.fr\/wp-content\/uploads\/2026\/04\/4eme-1024x768.jpg 1024w, https:\/\/jasab.fr\/wp-content\/uploads\/2026\/04\/4eme-300x225.jpg 300w, https:\/\/jasab.fr\/wp-content\/uploads\/2026\/04\/4eme-768x576.jpg 768w, https:\/\/jasab.fr\/wp-content\/uploads\/2026\/04\/4eme.jpg 1440w\" sizes=\"auto, (max-width: 1024px) 100vw, 1024px\" \/>\t\t\t\t\t\t\t\t\t\t\t<figcaption class=\"widget-image-caption wp-caption-text\">A la rencontre d'une Autrice en 4\u00e8me <\/figcaption>\n\t\t\t\t\t\t\t\t\t\t<\/figure>\n\t\t\t\t\t\t\t\t\t<\/div>\n\t\t\t\t<\/div>\n\t\t\t\t\t<\/div>\n\t\t<\/div>\n\t\t\t\t<div class=\"elementor-column elementor-col-20 elementor-top-column elementor-element elementor-element-60a03f7\" data-id=\"60a03f7\" data-element_type=\"column\">\n\t\t\t<div class=\"elementor-widget-wrap elementor-element-populated\">\n\t\t\t\t\t\t\t\t<div class=\"elementor-element elementor-element-7fdd8f9 elementor-widget elementor-widget-image\" data-id=\"7fdd8f9\" data-element_type=\"widget\" data-widget_type=\"image.default\">\n\t\t\t\t<div class=\"elementor-widget-container\">\n\t\t\t\t\t\t\t\t\t\t\t\t<figure class=\"wp-caption\">\n\t\t\t\t\t\t\t\t\t\t<img loading=\"lazy\" decoding=\"async\" width=\"1024\" height=\"768\" src=\"https:\/\/jasab.fr\/wp-content\/uploads\/2026\/04\/canada-1024x768.jpg\" class=\"attachment-large size-large wp-image-4330\" alt=\"\" srcset=\"https:\/\/jasab.fr\/wp-content\/uploads\/2026\/04\/canada-1024x768.jpg 1024w, https:\/\/jasab.fr\/wp-content\/uploads\/2026\/04\/canada-300x225.jpg 300w, https:\/\/jasab.fr\/wp-content\/uploads\/2026\/04\/canada-768x576.jpg 768w, https:\/\/jasab.fr\/wp-content\/uploads\/2026\/04\/canada.jpg 1440w\" sizes=\"auto, (max-width: 1024px) 100vw, 1024px\" \/>\t\t\t\t\t\t\t\t\t\t\t<figcaption class=\"widget-image-caption wp-caption-text\">S\u00e9jour au Canada 1\u00e8res-Term.<\/figcaption>\n\t\t\t\t\t\t\t\t\t\t<\/figure>\n\t\t\t\t\t\t\t\t\t<\/div>\n\t\t\t\t<\/div>\n\t\t\t\t\t<\/div>\n\t\t<\/div>\n\t\t\t\t\t\t\t<\/div>\n\t\t<\/section>\n\t\t\t\t<section class=\"elementor-section elementor-top-section elementor-element elementor-element-ca11c80 elementor-section-boxed elementor-section-height-default elementor-section-height-default\" data-id=\"ca11c80\" data-element_type=\"section\">\n\t\t\t\t\t\t<div class=\"elementor-container elementor-column-gap-default\">\n\t\t\t\t\t<div class=\"elementor-column elementor-col-33 elementor-top-column elementor-element elementor-element-cad5881\" data-id=\"cad5881\" data-element_type=\"column\">\n\t\t\t<div class=\"elementor-widget-wrap elementor-element-populated\">\n\t\t\t\t\t\t\t\t<div class=\"elementor-element elementor-element-ddb4d89 elementor-widget elementor-widget-heading\" data-id=\"ddb4d89\" data-element_type=\"widget\" data-widget_type=\"heading.default\">\n\t\t\t\t<div class=\"elementor-widget-container\">\n\t\t\t<h2 class=\"elementor-heading-title elementor-size-medium\">ACTUALITES JASA<\/h2>\t\t<\/div>\n\t\t\t\t<\/div>\n\t\t\t\t<div class=\"elementor-element elementor-element-6193d8e elementor-widget__width-initial elementor-shape-rounded elementor-grid-0 e-grid-align-center elementor-widget elementor-widget-social-icons\" data-id=\"6193d8e\" data-element_type=\"widget\" data-widget_type=\"social-icons.default\">\n\t\t\t\t<div class=\"elementor-widget-container\">\n\t\t\t\t\t<div class=\"elementor-social-icons-wrapper elementor-grid\">\n\t\t\t\t\t\t\t<span class=\"elementor-grid-item\">\n\t\t\t\t\t<a class=\"elementor-icon elementor-social-icon elementor-social-icon-facebook elementor-repeater-item-bde724d\" href=\"https:\/\/www.facebook.com\/jasabernay27300\/about\" target=\"_blank\">\n\t\t\t\t\t\t<span class=\"elementor-screen-only\">Facebook<\/span>\n\t\t\t\t\t\t<i class=\"fab fa-facebook\"><\/i>\t\t\t\t\t<\/a>\n\t\t\t\t<\/span>\n\t\t\t\t\t<\/div>\n\t\t\t\t<\/div>\n\t\t\t\t<\/div>\n\t\t\t\t\t<\/div>\n\t\t<\/div>\n\t\t\t\t<div class=\"elementor-column elementor-col-33 elementor-top-column elementor-element elementor-element-77d2e2a\" data-id=\"77d2e2a\" data-element_type=\"column\">\n\t\t\t<div class=\"elementor-widget-wrap elementor-element-populated\">\n\t\t\t\t\t\t\t\t<div class=\"elementor-element elementor-element-99ed5c5 elementor-widget elementor-widget-image\" data-id=\"99ed5c5\" data-element_type=\"widget\" data-widget_type=\"image.default\">\n\t\t\t\t<div class=\"elementor-widget-container\">\n\t\t\t\t\t\t\t\t\t\t\t\t<figure class=\"wp-caption\">\n\t\t\t\t\t\t\t\t\t\t\t<a href=\"https:\/\/r.search.yahoo.com\/_ylt=Awr.QK5FccFpjP4D6SePAwx.;_ylu=Y29sbwMEcG9zAzEEdnRpZAMEc2VjA3Ny\/RV=2\/RE=1774313925\/RO=10\/RU=https%3a%2f%2fwww.facebook.com%2fASJASABernay%2f\/RK=2\/RS=dXVCW7ILpimw57fxJI3jOu_w8ww-\">\n\t\t\t\t\t\t\t<img loading=\"lazy\" decoding=\"async\" width=\"1022\" height=\"412\" src=\"https:\/\/jasab.fr\/wp-content\/uploads\/2021\/04\/Capture-decran-2025-09-24-175814.jpg\" class=\"attachment-large size-large wp-image-4052\" alt=\"\" srcset=\"https:\/\/jasab.fr\/wp-content\/uploads\/2021\/04\/Capture-decran-2025-09-24-175814.jpg 1022w, https:\/\/jasab.fr\/wp-content\/uploads\/2021\/04\/Capture-decran-2025-09-24-175814-300x121.jpg 300w, https:\/\/jasab.fr\/wp-content\/uploads\/2021\/04\/Capture-decran-2025-09-24-175814-768x310.jpg 768w\" sizes=\"auto, (max-width: 1022px) 100vw, 1022px\" \/>\t\t\t\t\t\t\t\t<\/a>\n\t\t\t\t\t\t\t\t\t\t\t<figcaption class=\"widget-image-caption wp-caption-text\">RESULTATS ET INFORMATIONS SPORTIVES<\/figcaption>\n\t\t\t\t\t\t\t\t\t\t<\/figure>\n\t\t\t\t\t\t\t\t\t<\/div>\n\t\t\t\t<\/div>\n\t\t\t\t\t<\/div>\n\t\t<\/div>\n\t\t\t\t<div class=\"elementor-column elementor-col-33 elementor-top-column elementor-element elementor-element-8498f18\" data-id=\"8498f18\" data-element_type=\"column\">\n\t\t\t<div class=\"elementor-widget-wrap elementor-element-populated\">\n\t\t\t\t\t\t\t\t<div class=\"elementor-element elementor-element-677e088 elementor-widget__width-initial elementor-widget elementor-widget-heading\" data-id=\"677e088\" data-element_type=\"widget\" data-widget_type=\"heading.default\">\n\t\t\t\t<div class=\"elementor-widget-container\">\n\t\t\t<h2 class=\"elementor-heading-title elementor-size-default\"><a href=\"https:\/\/www.helloasso.com\/associations\/association-saint-anselme\/boutiques\/boutique-de-l-as-2024-25\">Boutique Association Sportive<\/a><\/h2>\t\t<\/div>\n\t\t\t\t<\/div>\n\t\t\t\t\t<\/div>\n\t\t<\/div>\n\t\t\t\t\t\t\t<\/div>\n\t\t<\/section>\n\t\t\t\t<section class=\"elementor-section elementor-top-section elementor-element elementor-element-7f817ad elementor-section-boxed elementor-section-height-default elementor-section-height-default\" data-id=\"7f817ad\" data-element_type=\"section\">\n\t\t\t\t\t\t<div class=\"elementor-container elementor-column-gap-default\">\n\t\t\t\t\t<div class=\"elementor-column elementor-col-50 elementor-top-column elementor-element elementor-element-d50a6d0\" data-id=\"d50a6d0\" data-element_type=\"column\">\n\t\t\t<div class=\"elementor-widget-wrap\">\n\t\t\t\t\t\t\t\t\t<\/div>\n\t\t<\/div>\n\t\t\t\t<div class=\"elementor-column elementor-col-50 elementor-top-column elementor-element elementor-element-e64bd48\" data-id=\"e64bd48\" data-element_type=\"column\">\n\t\t\t<div class=\"elementor-widget-wrap\">\n\t\t\t\t\t\t\t\t\t<\/div>\n\t\t<\/div>\n\t\t\t\t\t\t\t<\/div>\n\t\t<\/section>\n\t\t\t\t<section class=\"elementor-section elementor-top-section elementor-element elementor-element-639ddff elementor-section-boxed elementor-section-height-default elementor-section-height-default\" data-id=\"639ddff\" data-element_type=\"section\">\n\t\t\t\t\t\t<div class=\"elementor-container elementor-column-gap-default\">\n\t\t\t\t\t<div class=\"elementor-column elementor-col-100 elementor-top-column elementor-element elementor-element-8218675\" data-id=\"8218675\" data-element_type=\"column\">\n\t\t\t<div class=\"elementor-widget-wrap elementor-element-populated\">\n\t\t\t\t\t\t\t\t<div class=\"elementor-element elementor-element-8b2c2d8 elementor-widget elementor-widget-heading\" data-id=\"8b2c2d8\" data-element_type=\"widget\" data-widget_type=\"heading.default\">\n\t\t\t\t<div class=\"elementor-widget-container\">\n\t\t\t<h2 class=\"elementor-heading-title elementor-size-default\"><a href=\"https:\/\/youtu.be\/4Ae-DHRKdHo\">Formation sup\u00e9rieure en alternance (cliquez ici)<\/a><\/h2>\t\t<\/div>\n\t\t\t\t<\/div>\n\t\t\t\t<div class=\"elementor-element elementor-element-a6df48f elementor-widget elementor-widget-image\" data-id=\"a6df48f\" data-element_type=\"widget\" data-widget_type=\"image.default\">\n\t\t\t\t<div class=\"elementor-widget-container\">\n\t\t\t\t\t\t\t\t\t\t\t\t\t\t\t<img loading=\"lazy\" decoding=\"async\" width=\"1024\" height=\"499\" src=\"https:\/\/jasab.fr\/wp-content\/uploads\/2024\/11\/Logo-avec-tagline-VIOLETS-1024x499.jpg\" class=\"attachment-large size-large wp-image-2992\" alt=\"\" srcset=\"https:\/\/jasab.fr\/wp-content\/uploads\/2024\/11\/Logo-avec-tagline-VIOLETS-1024x499.jpg 1024w, https:\/\/jasab.fr\/wp-content\/uploads\/2024\/11\/Logo-avec-tagline-VIOLETS-300x146.jpg 300w, https:\/\/jasab.fr\/wp-content\/uploads\/2024\/11\/Logo-avec-tagline-VIOLETS-768x374.jpg 768w, https:\/\/jasab.fr\/wp-content\/uploads\/2024\/11\/Logo-avec-tagline-VIOLETS-1536x749.jpg 1536w, https:\/\/jasab.fr\/wp-content\/uploads\/2024\/11\/Logo-avec-tagline-VIOLETS-2048x999.jpg 2048w\" sizes=\"auto, (max-width: 1024px) 100vw, 1024px\" \/>\t\t\t\t\t\t\t\t\t\t\t\t\t\t\t<\/div>\n\t\t\t\t<\/div>\n\t\t\t\t\t<\/div>\n\t\t<\/div>\n\t\t\t\t\t\t\t<\/div>\n\t\t<\/section>\n\t\t\t\t\t\t\t<\/div>\n\t\t","protected":false},"excerpt":{"rendered":"<p>ECOLE\u00a0 &#8211; COLLEGELYCEE GENERAL ET TECHNOLOGIQUELYCEE PROFESSIONNELP\u00d4LE SUPERIEUR \u00a0 pr\u00e9inscription ECOLE COLLEGE Lyc\u00e9es, cliquez ici Un mini-stage d\u00e9couverte au lyc\u00e9e, cliquez ici \u00e0 la une de JASA cette semaine sortie scolaire des maternelles Bal du Lyc\u00e9e 2026 dans les locaux du France A la rencontre d&#8217;une Autrice en 4\u00e8me S\u00e9jour au Canada 1\u00e8res-Term. ACTUALITES JASA [&hellip;]<\/p>\n","protected":false},"author":1,"featured_media":0,"parent":0,"menu_order":0,"comment_status":"closed","ping_status":"closed","template":"","meta":{"footnotes":""},"class_list":["post-2861","page","type-page","status-publish","hentry"],"_links":{"self":[{"href":"https:\/\/jasab.fr\/index.php\/wp-json\/wp\/v2\/pages\/2861","targetHints":{"allow":["GET"]}}],"collection":[{"href":"https:\/\/jasab.fr\/index.php\/wp-json\/wp\/v2\/pages"}],"about":[{"href":"https:\/\/jasab.fr\/index.php\/wp-json\/wp\/v2\/types\/page"}],"author":[{"embeddable":true,"href":"https:\/\/jasab.fr\/index.php\/wp-json\/wp\/v2\/users\/1"}],"replies":[{"embeddable":true,"href":"https:\/\/jasab.fr\/index.php\/wp-json\/wp\/v2\/comments?post=2861"}],"version-history":[{"count":530,"href":"https:\/\/jasab.fr\/index.php\/wp-json\/wp\/v2\/pages\/2861\/revisions"}],"predecessor-version":[{"id":4334,"href":"https:\/\/jasab.fr\/index.php\/wp-json\/wp\/v2\/pages\/2861\/revisions\/4334"}],"wp:attachment":[{"href":"https:\/\/jasab.fr\/index.php\/wp-json\/wp\/v2\/media?parent=2861"}],"curies":[{"name":"wp","href":"https:\/\/api.w.org\/{rel}","templated":true}]}}